se
Let x(q) = 14*q**2 - 33*q + 121. Is x(36) prime?
True
Let q(f) = -12*f**3 + 2*f**2 + 8*f + 1. Let d be q(-4). Suppose -6*p = -3*p - 5*h - d, -p - 5*h = -243. Is p prime?
False
Let q be ((-6)/(-18))/(1/6). Suppose 0 = -q*s + 2*z + 228, -z - 115 = -s + z. Is s a prime number?
True
Suppose -4*s = -d - s + 19, -3*d = 3*s + 3. Suppose 976 = 3*b + 2*p - 915, 0 = -d*b - 4*p + 2520. Is b composite?
False
Suppose 3*t - 1453 - 11852 = 0. Suppose -16*k = -11*k - t. Is k a composite number?
False
Suppose g = 3*g + 2. Let n be 4926/14 + g/(-7). Let p = -191 + n. Is p a composite number?
True
Let d(j) = -3*j + 1. Let k be d(-2). Let p(f) = f + 4. Let u be p(10). Is ((-298)/(-4))/(k/u) composite?
False
Is ((-2694)/(-12))/(3/246) a composite number?
True
Let s = 42 - 44. Is s*((-2950)/28 - 2/14) composite?
False
Let a(k) = k**3 + 13*k**2 + 11*k - 10. Let v be a(-12). Suppose -v*f + 7*f = 5040. Suppose 0 = -5*w + r + f, -5*w + 0*w + 3*r = -1014. Is w a prime number?
False
Let d(a) = 149*a + 13. Is d(12) prime?
True
Let b be (-11902)/(-18) - (-8)/(-36). Suppose 0 = 3*c - v + 3134, -5*v + b = 4*c + 4865. Is c/(-8) - 1/(-4) a prime number?
True
Let z(g) = g**2 + 12*g + 8795. Is z(0) a prime number?
False
Let l(s) = -s**3 + 15*s**2 - 13*s - 12. Let d be l(14). Let b be (-148)/(-4) + d + -2. Let u = b - 2. Is u a composite number?
True
Let o = -1228 + 2489. Is o composite?
True
Let o be (3/2)/(1/2). Suppose 4*w - o = 3*w. Suppose -w*p + 486 = -741. Is p a prime number?
True
Suppose 0 = q + 3*q - 4*o + 32, 4*o = 3*q + 29. Is q/(-2) + (-1085)/(-14) a composite number?
False
Suppose -f = -106 - 200. Let m = f - 175. Is m a prime number?
True
Let f be (0 - (-2 + -170))/1. Let z = 328 - f. Suppose 4*r = 728 + z. Is r a prime number?
False
Is (-54 - -255)/((-4)/(4/(-3))) composite?
False
Let n = 1937 + 2218. Suppose -3*f - 918 + n = 0. Is f a prime number?
False
Let i = 4992 - -5987. Is i composite?
False
Is 2*53183/(-78)*-1*3 a prime number?
True
Let z be 3/(-12) + 2142/24. Suppose 5*k - 41 = z. Is 19965/65 + (-4)/k composite?
False
Suppose 2*x = -3*m + 19, -m - m = 4*x - 26. Suppose 0 = -x*z + 545 + 2250. Is z composite?
True
Let b(l) = 24*l**2 - 5*l + 4. Let o = -25 + 20. Is b(o) composite?
True
Is 20/((-120)/(-9))*19444/6 prime?
True
Suppose 4*h + 6 = 5*h + 4*g, 4*h = 5*g + 45. Suppose p - h = u, -9 = 2*u + u. Suppose -j = 2*y - 107, -2*j - 44 - p = -y. Is y prime?
True
Let j = 2216 + -1239. Is j a composite number?
False
Let g be (2 - -1167) + (-2)/(-1). Suppose -5*o + g + 839 = 0. Suppose -d = d - 5*i - 442, 0 = -2*d - 5*i + o. Is d composite?
False
Let u(v) = 8*v**3 + 5*v**2 - 3*v - 3. Let h be u(3). Suppose h = s + 44. Is s a composite number?
True
Let t(j) = -4*j**3 + 5*j**2 - j - 2. Let h be t(3). Let a = 122 + -120. Is (-3 - -2) + a - h prime?
False
Suppose -5*r - 4*b = 8 + 1, 5*b = -5. Let s(j) = 4*j**2 + j + 1. Let u be s(r). Suppose 2*q = -u*k + 1566, -4*q + 3*k - 374 + 3528 = 0. Is q prime?
True
Let u = -6618 + 11897. Is u composite?
False
Let k(l) = 20*l**2 + 35 + 19*l - 12 + l**3 - 36*l**2. Is k(15) a composite number?
False
Suppose -s + 2*s = -85. Let f = 164 + s. Is f a prime number?
True
Let d(o) = o**3 - 3*o**2 - o - 3. Let c be d(4). Suppose 2*j - c*j + 574 = 0. Is j composite?
True
Suppose -4462 = 19*p - 21*p. Is p composite?
True
Let o be 3*4/(-18)*(0 - 3). Suppose 1101 = 3*z - z - g, -o*z - 3*g + 1105 = 0. Is z prime?
False
Let t = -276 + 455. Is t composite?
False
Let p = -10 - -14. Let l be 1*4/p*2. Suppose -l*n + 1266 = -w, 0 = w - 5 + 1. Is n a prime number?
False
Suppose 0 = 3*z - 13 - 5. Suppose y - 407 = 3*g, -8 - 7 = -3*g. Suppose z*o - 8*o = -y. Is o a prime number?
True
Suppose 4*s - 2*s = 0. Suppose s*n + 209 = -n. Let o = -78 - n. Is o prime?
True
Let d(m) = m**3 + 5*m**2 + 3*m + 2. Let n be d(-2). Suppose 0 = -6*p + n*p - 7324. Is p a composite number?
True
Let c(w) = -380*w**2 + 2*w + 1. Let z be c(-1). Let o = -194 - z. Is o a prime number?
False
Let a(q) = -19*q + 15. Let f(g) = -38*g + 30. Let h(d) = -5*a(d) + 3*f(d). Is h(-4) a composite number?
True
Suppose 12*u - 335410 = 2*u. Suppose 14*a + 3*a = u. Is a a prime number?
True
Suppose 4*d = -3*i + 103328, 3*d + i - 61921 = 15580. Is d composite?
True
Suppose 155197 = 9*p - 183752. Is p composite?
True
Let b(r) = -r**2 + r + 2. Let g be b(0). Suppose 0 = 8*o + g*o - 3310. Is o composite?
False
Suppose -5*r - 6622 = -2*j + 3315, -3*r + 4*j = 5965. Let k = 5376 + r. Is k a prime number?
True
Let f(l) = -202*l + 5 - 7 - 5 - 2. Suppose -3*w - w = 12. Is f(w) a prime number?
False
Let t(o) = o + 28. Let y be t(0). Suppose 30*k = 32*k - 18. Suppose -k = l - y. Is l a prime number?
True
Let v(w) = w**3 + 3*w**2 - w - 3. Let l = 1 + -4. Let s be v(l). Suppose s = -4*n - 0*n + 472. Is n composite?
True
Suppose 2*k - 57873 = u, 5*u + 39950 = 5*k - 104720. Is k a composite number?
True
Let m be (1 - 1)/(-50 - -54). Let g be (-1 - (1 + -1))*-5. Suppose g*r - h - 336 = -0*h, -5*h - 5 = m. Is r prime?
True
Let q = 22671 - 12770. Is q prime?
True
Let w = 30 + -30. Suppose 2*x + 2*x - p + 2 = w, -3*x = 5*p - 10. Suppose 0 = 2*l - 4*l + 5*a + 853, l - 2*a - 429 = x. Is l composite?
False
Let m = -205 + -384. Let d = -338 - m. Is d a composite number?
False
Suppose 3*r - 2*r - 1 = 0. Let q(a) = -100*a + 1. Let t be q(r). Is -2 - t - (1 - 1) prime?
True
Suppose -5*j + 22 = -23. Suppose -j*l = -4*l - 20. Suppose -l*o = -520 - 1260. Is o composite?
True
Suppose 5*t - 1220 - 3000 = 0. Suppose -k - 3*k = -3*m + 3, -2*k = 4*m - 26. Suppose 0 = -4*l - v + t, -6*l + l = -m*v - 1055. Is l a prime number?
True
Let h(o) = -3*o**3 - 5*o**2 - 38*o - 34. Let u(l) = -l**3 - 2*l**2 - 13*l - 11. Let w(b) = 4*h(b) - 11*u(b). Is w(-11) prime?
True
Let s be -2 - (-129 - 0/(-2)). Let o(i) = i**2 + s + i**3 - i + 4*i - 2*i. Is o(0) a composite number?
False
Let u(k) = k**3 - 9*k**2 - 11*k + 13. Let j be u(10). Suppose -3*c = c + 2*r - 4386, -j*c - 2*r + 3289 = 0. Is c composite?
False
Suppose 2*v = -10, -v - 40919 = -2*x - 4*v. Is x a prime number?
False
Let z be -13*(-28 - 1) - 3. Suppose 375 = 6*v - 2*v - p, -4*v = -2*p - z. Is v composite?
True
Let w be (-2 + 0)*2/4 - -5. Is 190*1 + -1 - (w + -6) prime?
True
Is ((-14)/(-21) - 0)/((-2)/(-50277)) a prime number?
True
Suppose -15 = -4*n + 1. Suppose 6*m - n*f - 3760 = 2*m, 0 = 3*m - 5*f - 2818. Is m a composite number?
False
Suppose 5*b + 5*g = 29020, 0 = 5*b - 4*g - 12591 - 16456. Is b a prime number?
True
Suppose -3*b + o - 5 = -4, 1 = 2*b + o. Suppose b = -2*s + 4*s - 1950. Suppose 3*x + 206 = v, -5*v + s = -3*x - x. Is v prime?
True
Let j(x) = -248*x + 227. Is j(-28) a prime number?
False
Let d be (56/(-35))/((-2)/5). Suppose a + 2*a - 933 = -4*u, -5*a + d*u + 1523 = 0. Is a a composite number?
False
Let z be (-70)/245 + -2*5/14. Suppose 3*o = 4*o. Is z + o - -113 - -3 composite?
True
Let d = 2323 + 310. Is d a prime number?
True
Let n(c) = c. Let v(w) = -105*w + 1. Let o(b) = 3*n(b) - v(b). Is o(2) a prime number?
False
Let y be 4/22 + (-124)/(-44). Suppose 2*f + 5*t = -y*f + 10, 0 = -4*t. Suppose 2*d + b = -2*b + 242, 0 = f*b + 8. Is d a composite number?
False
Suppose -5*z + 21194 + 18291 = 0. Is z a composite number?
True
Let y(w) = 159*w**2 - 6*w + 5. Is y(8) composite?
False
Let y(r) = -47*r + 669. Is y(0) a composite number?
True
Let p be 6/(-4)*9/((-189)/(-1162)). Let c = 157 + p. Is c prime?
False
Suppose 0 = 3*y - w - 51693, -4*w = 4*y - 7*y + 51693. Is y a prime number?
True
Let s(v) = -v - 12 - 3 - 8 + 12. Let t be s(-15). Suppose 3*a - t*a = -211. Is a a prime number?
True
Suppose 286*j = 277*j + 16326. Is j a composite number?
True
Let l = -30 + 34. Suppose -3*c + 239 = -l*m, 5*c + 0*m - 417 = 2*m. Is c composite?
True
Suppose 0 = 4*u - 2*j - 36, 3*j = -2*u - u + 27. Suppose -2*o - o = -u, 3 = -4*a + o. Let p(v) = -v + 7. Is p(a) composite?
False
Let s = 1786 - 301. Suppose 2*p + 24700 = 12*p. Let b = p - s. Is b prime?
False
Let v(r) = 1765*r**2 + 65*r - 1. Is v(5) a composite number?
False
Let t(o) = -13*o**3 + 22*o**2 + 14*o + 34. Let v(j) = 7*j**3 - 11*j**2 - 7*j - 17. Let i(n) = -6*t(n) - 11*v(n). Is i(16) prime?
True
Let f(o) = 4*o**3 - 18*o**2 - 9*o - 28. Is f(15) composite?
True
Let i(s) be the third derivative of -s**6/60 - 13*s**5/6